{"id":50,"date":"2022-10-01T11:48:17","date_gmt":"2022-10-01T09:48:17","guid":{"rendered":"http:\/\/nasenarbeit-hund.ch\/?page_id=50"},"modified":"2025-01-07T10:17:07","modified_gmt":"2025-01-07T09:17:07","slug":"was-ist-mantrailing","status":"publish","type":"page","link":"https:\/\/mantrailing-basel.ch\/index.php\/was-ist-mantrailing\/","title":{"rendered":"Mantrailing Schnuppertraining"},"content":{"rendered":"\n<p><\/p>\n\n\n\n<p>Haben wir bei dir und deiner vierbeinigen Schnuppernase das Interesse geweckt?<\/p>\n\n\n\n<figure class=\"wp-block-image size-full is-resized\"><img loading=\"lazy\" decoding=\"async\" width=\"960\" height=\"720\" src=\"https:\/\/www.nasenarbeit-hund.ch\/wp-content\/uploads\/2023\/03\/threema-20230314-192727656.jpg\" alt=\"\" class=\"wp-image-616\" style=\"width:585px;height:438px\" srcset=\"https:\/\/mantrailing-basel.ch\/wp-content\/uploads\/2023\/03\/threema-20230314-192727656.jpg 960w, https:\/\/mantrailing-basel.ch\/wp-content\/uploads\/2023\/03\/threema-20230314-192727656-300x225.jpg 300w, https:\/\/mantrailing-basel.ch\/wp-content\/uploads\/2023\/03\/threema-20230314-192727656-768x576.jpg 768w\" sizes=\"auto, (max-width: 767px) 89vw, (max-width: 1000px) 54vw, (max-width: 1071px) 543px, 580px\" \/><figcaption class=\"wp-element-caption\">Foto Tina Braun<\/figcaption><\/figure>\n\n\n\n<p><strong><br><\/strong><br>F\u00fcr Interessenten, die sich mit dem Gedanken tragen, mit ihrem Hund Mantrailing bei uns zu machen, aber noch unschl\u00fcssig sind ist das Schnuppertraining eine hervorragende M\u00f6glichkeit, sich zuvor einen ersten Eindruck zu verschaffen.<br><strong><br>Wichtig zu wissen<\/strong>!&nbsp;<\/p>\n\n\n\n<p><strong>Wir f\u00fchren nur dann Schnuppertrainings durch, wenn auch die M\u00f6glichkeit besteht, sich anschliessend unseren bestehenden Gruppen anzuschliessen. <br>Unsere Gruppen freuen sich auf begeisterungsf\u00e4hige Menschen mit ihren Hunden, die bereit sind, regelm\u00e4ssig einmal in der Woche zu trainieren. <br><\/strong>(10er Abos sind jeweils \u00fcber 14 Wochen g\u00fcltig)<strong><br><\/strong>Die meisten unserer Teams sind bereits seit Jahren bei uns. <strong><br><\/strong><br><strong>Dauer<\/strong>: ca 1 -1.5 Stunden<br><strong>Ort<\/strong>: Region Basel-Stadt \/ Baselland (<strong>eigener PW ist\u00a0unbedingt\u00a0erforderlich<\/strong>)<br><strong>Teilnahmegeb\u00fchr CHF 40.&#8211; bar am Schnuppertraining zu begleichen<\/strong>.<br><br><strong>Was ist mitzubringen? Voraussetzungen?<\/strong> siehe unter &#171;<a href=\"https:\/\/mantrailing-basel.ch\/haeufige-fragen\">H\u00e4ufige Fragen<\/a>&#171;<strong><br>Termin<\/strong>: Anmeldung jederzeit m\u00f6glich! (<strong>*<\/strong>) Den Termin stimmen wir mit dir individuell ab.<br><strong><br><br>M\u00f6chtest du mal &#171;reinschnuppern&#187; und mehr erfahren?<br>Dann sende uns hier deine\u00a0<a href=\"https:\/\/www.nasenarbeit-hund.ch\/index.php\/anmeldung\/\" data-type=\"page\" data-id=\"154\">Anmeldung.\u00a0<\/a>Wir kontaktieren dich dann gerne innert wenigen Tagen!<\/strong><\/p>\n\n\n\n<figure class=\"wp-block-image size-full is-resized\"><img loading=\"lazy\" decoding=\"async\" width=\"973\" height=\"718\" src=\"https:\/\/mantrailing-basel.ch\/wp-content\/uploads\/2023\/03\/36904151_813411205511550_927068725201338368_n.jpg\" alt=\"\" class=\"wp-image-727\" style=\"width:561px;height:414px\" srcset=\"https:\/\/mantrailing-basel.ch\/wp-content\/uploads\/2023\/03\/36904151_813411205511550_927068725201338368_n.jpg 973w, https:\/\/mantrailing-basel.ch\/wp-content\/uploads\/2023\/03\/36904151_813411205511550_927068725201338368_n-300x221.jpg 300w, https:\/\/mantrailing-basel.ch\/wp-content\/uploads\/2023\/03\/36904151_813411205511550_927068725201338368_n-768x567.jpg 768w\" sizes=\"auto, (max-width: 767px) 89vw, (max-width: 1000px) 54vw, (max-width: 1071px) 543px, 580px\" \/><figcaption class=\"wp-element-caption\">Foto Tina Braun<\/figcaption><\/figure>\n","protected":false},"excerpt":{"rendered":"<p>Haben wir bei dir und deiner vierbeinigen Schnuppernase das Interesse geweckt? F\u00fcr Interessenten, die sich mit dem Gedanken tragen, mit ihrem Hund Mantrailing bei uns zu machen, aber noch unschl\u00fcssig sind ist das Schnuppertraining eine hervorragende M\u00f6glichkeit, sich zuvor einen ersten Eindruck zu verschaffen.Wichtig zu wissen!&nbsp; Wir f\u00fchren nur dann Schnuppertrainings durch, wenn auch die &hellip; <\/p>\n<p class=\"link-more\"><a href=\"https:\/\/mantrailing-basel.ch\/index.php\/was-ist-mantrailing\/\" class=\"more-link\"><span class=\"screen-reader-text\">&#171;Mantrailing Schnuppertraining&#187;<\/span> weiterlesen<\/a><\/p>\n","protected":false},"author":3,"featured_media":0,"parent":0,"menu_order":0,"comment_status":"closed","ping_status":"closed","template":"","meta":{"footnotes":""},"class_list":["post-50","page","type-page","status-publish","hentry"],"_links":{"self":[{"href":"https:\/\/mantrailing-basel.ch\/index.php\/wp-json\/wp\/v2\/pages\/50","targetHints":{"allow":["GET"]}}],"collection":[{"href":"https:\/\/mantrailing-basel.ch\/index.php\/wp-json\/wp\/v2\/pages"}],"about":[{"href":"https:\/\/mantrailing-basel.ch\/index.php\/wp-json\/wp\/v2\/types\/page"}],"author":[{"embeddable":true,"href":"https:\/\/mantrailing-basel.ch\/index.php\/wp-json\/wp\/v2\/users\/3"}],"replies":[{"embeddable":true,"href":"https:\/\/mantrailing-basel.ch\/index.php\/wp-json\/wp\/v2\/comments?post=50"}],"version-history":[{"count":22,"href":"https:\/\/mantrailing-basel.ch\/index.php\/wp-json\/wp\/v2\/pages\/50\/revisions"}],"predecessor-version":[{"id":3684,"href":"https:\/\/mantrailing-basel.ch\/index.php\/wp-json\/wp\/v2\/pages\/50\/revisions\/3684"}],"wp:attachment":[{"href":"https:\/\/mantrailing-basel.ch\/index.php\/wp-json\/wp\/v2\/media?parent=50"}],"curies":[{"name":"wp","href":"https:\/\/api.w.org\/{rel}","templated":true}]}}