{"id":110,"date":"2022-10-01T15:52:40","date_gmt":"2022-10-01T13:52:40","guid":{"rendered":"http:\/\/nasenarbeit-hund.ch\/?page_id=110"},"modified":"2024-12-09T14:33:05","modified_gmt":"2024-12-09T13:33:05","slug":"scent-detection-spuerhunde-training","status":"publish","type":"page","link":"https:\/\/mantrailing-basel.ch\/index.php\/scent-detection-spuerhunde-training\/","title":{"rendered":"SD &#8211; Scent Detection \/ Sp\u00fcrhundetraining"},"content":{"rendered":"\n<h2 class=\"wp-block-heading\"><\/h2>\n\n\n<div class=\"wp-block-image is-style-rounded\">\n<figure class=\"aligncenter size-large is-resized\"><img loading=\"lazy\" decoding=\"async\" width=\"935\" height=\"1024\" src=\"https:\/\/www.nasenarbeit-hund.ch\/wp-content\/uploads\/2023\/01\/20201128_150022-1-935x1024.jpg\" alt=\"\" class=\"wp-image-308\" style=\"width:408px;height:447px\" srcset=\"https:\/\/mantrailing-basel.ch\/wp-content\/uploads\/2023\/01\/20201128_150022-1-935x1024.jpg 935w, https:\/\/mantrailing-basel.ch\/wp-content\/uploads\/2023\/01\/20201128_150022-1-274x300.jpg 274w, https:\/\/mantrailing-basel.ch\/wp-content\/uploads\/2023\/01\/20201128_150022-1-768x841.jpg 768w, https:\/\/mantrailing-basel.ch\/wp-content\/uploads\/2023\/01\/20201128_150022-1-1403x1536.jpg 1403w, https:\/\/mantrailing-basel.ch\/wp-content\/uploads\/2023\/01\/20201128_150022-1-1870x2048.jpg 1870w\" sizes=\"auto, (max-width: 767px) 89vw, (max-width: 1000px) 54vw, (max-width: 1071px) 543px, 580px\" \/><figcaption class=\"wp-element-caption\">Foto Tina Braun<\/figcaption><\/figure>\n<\/div>\n\n\n<p>Bei der Ausbildung zum&nbsp;<strong>Scent Detection Dog&nbsp;= Sp\u00fcrhunde-Training<\/strong> lernt der Hund,&nbsp;<br>einen <strong>bestimmten Zielgeruch&nbsp;zu suchen und anzuzeigen.<\/strong><br><br><strong>Scent Detection stellt eine der urspr\u00fcnglichsten, artgerechten Auslastungsformen f\u00fcr den Hund als &#171;Nasentier&#187; dar.<\/strong><br><strong><br><\/strong>Es eignet sich<strong>&nbsp;f\u00fcr jeden Hund jeden Alters und jede\/n Hundef\u00fchrer\/in.<br><\/strong>Es sind keine Vorkenntnisse oder spezielle F\u00e4higkeiten notwendig.<br>Und Scent Detection ist auch f\u00fcr vierbeinige Lieblinge geeignet, die es nicht so sehr sch\u00e4tzen, in Gruppen mit mehreren Hunden zu sein. Wir arbeiten in Einzeltrainings als auch kleine Gruppen &#8211; ganz nach Wunsch abgestimmt.<\/p>\n\n\n<div class=\"wp-block-image is-style-rounded\">\n<figure class=\"aligncenter size-large is-resized\"><img loading=\"lazy\" decoding=\"async\" width=\"1024\" height=\"768\" src=\"https:\/\/mantrailing-basel.ch\/wp-content\/uploads\/2024\/03\/20231020_104721-1024x768.jpg\" alt=\"\" class=\"wp-image-2194\" style=\"width:530px;height:auto\" srcset=\"https:\/\/mantrailing-basel.ch\/wp-content\/uploads\/2024\/03\/20231020_104721-1024x768.jpg 1024w, https:\/\/mantrailing-basel.ch\/wp-content\/uploads\/2024\/03\/20231020_104721-300x225.jpg 300w, https:\/\/mantrailing-basel.ch\/wp-content\/uploads\/2024\/03\/20231020_104721-768x576.jpg 768w, https:\/\/mantrailing-basel.ch\/wp-content\/uploads\/2024\/03\/20231020_104721-1536x1152.jpg 1536w, https:\/\/mantrailing-basel.ch\/wp-content\/uploads\/2024\/03\/20231020_104721-2048x1536.jpg 2048w\" sizes=\"auto, (max-width: 767px) 89vw, (max-width: 1000px) 54vw, (max-width: 1071px) 543px, 580px\" \/><figcaption class=\"wp-element-caption\">Foto Tina Braun<\/figcaption><\/figure>\n<\/div>\n\n\n<p><br><br>Ob rein aus <strong>&#171;Spass am Schn\u00fcffeln&#187;<\/strong> oder ob mit dem Ziel, <strong>systematisch<\/strong> vorgebene Bereiche nach einem <strong>spezifischen Zielgeruch<\/strong> abzuarbeiten &#8211; wir freuen uns auf deine Anfrage!<br>Auch geeignet f\u00fcr Hund-Mensch-Teams, die aus verschiedensten Gr\u00fcnden <strong>nicht gerne im Rahmen von Gruppen arbeiten m\u00f6chten oder k\u00f6nnen<\/strong>.<\/p>\n\n\n\n<h4 class=\"wp-block-heading\">Unser Angebot umfasst individuelle Ausbildungsm\u00f6glichkeiten:<br><\/h4>\n\n\n\n<ul class=\"wp-block-list\">\n<li>Einzeltrainings  oder<\/li>\n\n\n\n<li>Kleinstgruppen-Trainings im 10er-Abo, alle 2 Wochen an verschiedenen Orten <br>Regio Basel \/ Baselland (PW erforderlich)<\/li>\n\n\n\n<li>Halbtages-Seminare <br>(aktuelle Angebote werden jeweils <strong>hier<\/strong> ver\u00f6ffentlicht) <\/li>\n\n\n\n<li>Aufbautrainings f\u00fcr Beginner werden das ganze Jahr hindurch durchgef\u00fchrt, sofern die Temperaturen es zulassen.<\/li>\n<\/ul>\n\n\n\n<h2 class=\"wp-block-heading has-vivid-red-color has-text-color has-link-color wp-elements-6130a72e2004419ab1fd273eb46633af\"><strong>F\u00fcr SD (Scent Detection) ist es uns leider nicht m\u00f6glich, Schnuppertrainings anzubieten. <\/strong><strong>Stattdessen finden bei uns <\/strong><strong>&#171;Probe-Sp\u00fcrhund-Trainings&#187; statt!<\/strong><\/h2>\n\n\n\n<p><strong>Die n\u00e4chste M\u00f6glichkeit f\u00fcr ein Probe-Sp\u00fcrhund-Training findet im Fr\u00fchjahr 2025 statt.<br>Genaue Termine folgen ab Januar HIER.<br><\/strong><br>Der Ort und was es f\u00fcr ein Probe-Sp\u00fcrhund-Training braucht wird den angemeldeten Teilnehmenden im Vorfeld bekannt gegeben.<br><strong>F\u00fcr jeden Hund wird eine Stunde intensives Einarbeitungs-Training reserviert.<\/strong> <br>Somit k\u00f6nnen pro ausgeschriebenem Termin <strong>max. 3 Hunde<\/strong> teilnehmen. <br>(Nach Absprache und auf Wunsch mit- oder nacheinander)<br>Kosten f\u00fcr ein Probe-Sp\u00fcrhunde-Training : CHF 70.&#8211; pro Hund-Mensch-Team<\/p>\n\n\n\n<p><strong>Wie geht&#8217;s danach weiter?<\/strong><br>Das h\u00e4ngt ganz individuell von den W\u00fcnschen und Bed\u00fcrfnissen des Hund-Mensch-Teams ab. Sowohl Einzeltrainings als auch regelm\u00e4ssige Trainings im Rahmen kleiner Gruppen sind m\u00f6glich.<\/p>\n\n\n\n<p>Hast du Fragen? Dann steht hier das <a href=\"https:\/\/mantrailing-basel.ch\/index.php\/kontakt\/\" data-type=\"page\" data-id=\"21\">Kontaktformular<\/a> zur Verf\u00fcgung.<br>M\u00f6chtest du dich gern definintiv f\u00fcr ein Probe-Sp\u00fcrhunde-Training einschreiben? Dann nutze bitte das <a href=\"https:\/\/mantrailing-basel.ch\/index.php\/anmeldung\/\" data-type=\"page\" data-id=\"154\">Anmeldeformula<\/a>r, markiere bitte das Feld SD \/ Sp\u00fcrhunde-Training und hinterlasse uns bitte in der Rubrik &#171;Bemerkungen&#187;, an welchem Datum du gern teilnehmen m\u00f6chtest. Wir freuen uns riesig auf neue Gl\u00fccksnasen!<\/p>\n\n\n\n<div class=\"wp-block-cover\"><span aria-hidden=\"true\" class=\"wp-block-cover__background has-background-dim\"><\/span><img loading=\"lazy\" decoding=\"async\" width=\"1024\" height=\"940\" class=\"wp-block-cover__image-background wp-image-2559\" alt=\"\" src=\"https:\/\/mantrailing-basel.ch\/wp-content\/uploads\/2024\/05\/20230421_131303-1024x940.jpg\" style=\"object-position:48% 17%\" data-object-fit=\"cover\" data-object-position=\"48% 17%\" srcset=\"https:\/\/mantrailing-basel.ch\/wp-content\/uploads\/2024\/05\/20230421_131303-1024x940.jpg 1024w, https:\/\/mantrailing-basel.ch\/wp-content\/uploads\/2024\/05\/20230421_131303-300x275.jpg 300w, https:\/\/mantrailing-basel.ch\/wp-content\/uploads\/2024\/05\/20230421_131303-768x705.jpg 768w, https:\/\/mantrailing-basel.ch\/wp-content\/uploads\/2024\/05\/20230421_131303.jpg 1528w\" sizes=\"auto, (max-width: 767px) 89vw, (max-width: 1000px) 54vw, (max-width: 1071px) 543px, 580px\" \/><div class=\"wp-block-cover__inner-container is-layout-flow wp-block-cover-is-layout-flow\">\n<p class=\"has-text-align-center has-large-font-size\">Streck mal die Nase bei uns rein!<\/p>\n<\/div><\/div>\n\n\n\n<p><br><\/p>\n\n\n<div class=\"wp-block-image is-style-rounded\">\n<figure class=\"aligncenter size-large is-resized\"><img loading=\"lazy\" decoding=\"async\" width=\"1024\" height=\"768\" src=\"https:\/\/mantrailing-basel.ch\/wp-content\/uploads\/2023\/03\/20230324_105413-1024x768.jpg\" alt=\"\" class=\"wp-image-715\" style=\"aspect-ratio:1.3342465753424657;width:561px;height:auto\" srcset=\"https:\/\/mantrailing-basel.ch\/wp-content\/uploads\/2023\/03\/20230324_105413-1024x768.jpg 1024w, https:\/\/mantrailing-basel.ch\/wp-content\/uploads\/2023\/03\/20230324_105413-300x225.jpg 300w, https:\/\/mantrailing-basel.ch\/wp-content\/uploads\/2023\/03\/20230324_105413-768x576.jpg 768w, https:\/\/mantrailing-basel.ch\/wp-content\/uploads\/2023\/03\/20230324_105413.jpg 1302w\" sizes=\"auto, (max-width: 767px) 89vw, (max-width: 1000px) 54vw, (max-width: 1071px) 543px, 580px\" \/><figcaption class=\"wp-element-caption\">Foto Tina Braun<\/figcaption><\/figure>\n<\/div>\n\n<div class=\"wp-block-image is-style-rounded\">\n<figure class=\"aligncenter size-large is-resized\"><img loading=\"lazy\" decoding=\"async\" width=\"1024\" height=\"745\" src=\"https:\/\/mantrailing-basel.ch\/wp-content\/uploads\/2024\/03\/20230324_120720-1024x745.jpg\" alt=\"\" class=\"wp-image-2196\" style=\"width:559px;height:auto\" srcset=\"https:\/\/mantrailing-basel.ch\/wp-content\/uploads\/2024\/03\/20230324_120720-1024x745.jpg 1024w, https:\/\/mantrailing-basel.ch\/wp-content\/uploads\/2024\/03\/20230324_120720-300x218.jpg 300w, https:\/\/mantrailing-basel.ch\/wp-content\/uploads\/2024\/03\/20230324_120720-768x558.jpg 768w, https:\/\/mantrailing-basel.ch\/wp-content\/uploads\/2024\/03\/20230324_120720-1536x1117.jpg 1536w, https:\/\/mantrailing-basel.ch\/wp-content\/uploads\/2024\/03\/20230324_120720-2048x1489.jpg 2048w\" sizes=\"auto, (max-width: 767px) 89vw, (max-width: 1000px) 54vw, (max-width: 1071px) 543px, 580px\" \/><figcaption class=\"wp-element-caption\">Foto Tina Braun<\/figcaption><\/figure>\n<\/div>\n\n\n<p><strong>Gut zu wissen<\/strong>!<br>Scent Detection kann auch mit Mantrailing oder mit Hard Surface Tracking kombiniert werden.<\/p>\n\n\n<div class=\"wp-block-image is-style-rounded\">\n<figure class=\"aligncenter size-full is-resized\"><img loading=\"lazy\" decoding=\"async\" width=\"577\" height=\"514\" src=\"https:\/\/mantrailing-basel.ch\/wp-content\/uploads\/2023\/03\/threema-20230324-184757160.jpg\" alt=\"\" class=\"wp-image-716\" style=\"width:501px;height:446px\" srcset=\"https:\/\/mantrailing-basel.ch\/wp-content\/uploads\/2023\/03\/threema-20230324-184757160.jpg 577w, https:\/\/mantrailing-basel.ch\/wp-content\/uploads\/2023\/03\/threema-20230324-184757160-300x267.jpg 300w\" sizes=\"auto, (max-width: 577px) 100vw, 577px\" \/><figcaption class=\"wp-element-caption\">Foto N. Wettstein<\/figcaption><\/figure>\n<\/div>\n\n<div class=\"wp-block-image is-style-rounded\">\n<figure class=\"aligncenter size-full is-resized\"><img loading=\"lazy\" decoding=\"async\" width=\"577\" height=\"728\" src=\"https:\/\/mantrailing-basel.ch\/wp-content\/uploads\/2023\/03\/threema-20230324-184758671.jpg\" alt=\"\" class=\"wp-image-719\" style=\"width:480px;height:606px\" srcset=\"https:\/\/mantrailing-basel.ch\/wp-content\/uploads\/2023\/03\/threema-20230324-184758671.jpg 577w, https:\/\/mantrailing-basel.ch\/wp-content\/uploads\/2023\/03\/threema-20230324-184758671-238x300.jpg 238w\" sizes=\"auto, (max-width: 577px) 100vw, 577px\" \/><figcaption class=\"wp-element-caption\">Foto N. Wettstein<\/figcaption><\/figure>\n<\/div>","protected":false},"excerpt":{"rendered":"<p>Bei der Ausbildung zum&nbsp;Scent Detection Dog&nbsp;= Sp\u00fcrhunde-Training lernt der Hund,&nbsp;einen bestimmten Zielgeruch&nbsp;zu suchen und anzuzeigen. Scent Detection stellt eine der urspr\u00fcnglichsten, artgerechten Auslastungsformen f\u00fcr den Hund als &#171;Nasentier&#187; dar.Es eignet sich&nbsp;f\u00fcr jeden Hund jeden Alters und jede\/n Hundef\u00fchrer\/in.Es sind keine Vorkenntnisse oder spezielle F\u00e4higkeiten notwendig.Und Scent Detection ist auch f\u00fcr vierbeinige Lieblinge geeignet, die es &hellip; <\/p>\n<p class=\"link-more\"><a href=\"https:\/\/mantrailing-basel.ch\/index.php\/scent-detection-spuerhunde-training\/\" class=\"more-link\"><span class=\"screen-reader-text\">&#171;SD &#8211; Scent Detection \/ Sp\u00fcrhundetraining&#187;<\/span> weiterlesen<\/a><\/p>\n","protected":false},"author":3,"featured_media":0,"parent":0,"menu_order":0,"comment_status":"closed","ping_status":"closed","template":"","meta":{"footnotes":""},"class_list":["post-110","page","type-page","status-publish","hentry"],"_links":{"self":[{"href":"https:\/\/mantrailing-basel.ch\/index.php\/wp-json\/wp\/v2\/pages\/110","targetHints":{"allow":["GET"]}}],"collection":[{"href":"https:\/\/mantrailing-basel.ch\/index.php\/wp-json\/wp\/v2\/pages"}],"about":[{"href":"https:\/\/mantrailing-basel.ch\/index.php\/wp-json\/wp\/v2\/types\/page"}],"author":[{"embeddable":true,"href":"https:\/\/mantrailing-basel.ch\/index.php\/wp-json\/wp\/v2\/users\/3"}],"replies":[{"embeddable":true,"href":"https:\/\/mantrailing-basel.ch\/index.php\/wp-json\/wp\/v2\/comments?post=110"}],"version-history":[{"count":36,"href":"https:\/\/mantrailing-basel.ch\/index.php\/wp-json\/wp\/v2\/pages\/110\/revisions"}],"predecessor-version":[{"id":3688,"href":"https:\/\/mantrailing-basel.ch\/index.php\/wp-json\/wp\/v2\/pages\/110\/revisions\/3688"}],"wp:attachment":[{"href":"https:\/\/mantrailing-basel.ch\/index.php\/wp-json\/wp\/v2\/media?parent=110"}],"curies":[{"name":"wp","href":"https:\/\/api.w.org\/{rel}","templated":true}]}}